actor of r and 132.
12
Let n(t) = 4*t**2 - t + 16. Let g be n(-5). What is the greatest common factor of g and 11?
11
Let w = 29 + 196. Calculate the highest common divisor of 25 and w.
25
Let m = 86 + -68. Suppose -5*o = -5*p - 70, 4*p + 80 = 4*o + 6*p. What is the highest common factor of m and o?
18
Let w = 13 - 1. What is the highest common divisor of w and 20?
4
Let t be 470/70 - (-3)/(42/4). Suppose 0 = -t*y - 3*y + 70. Calculate the highest common divisor of y and 1.
1
Suppose 49 + 218 = 3*v. Let g = 201 - v. Suppose 2*o = 4*t + 44, -2*o + 40 = -3*t - 0*t. What is the greatest common divisor of o and g?
14
Suppose -34 = -3*q + 2. Suppose 0 = 19*k - 4*k. Let i = q - k. Calculate the highest common divisor of 12 and i.
12
Let z be -21 + 147 - (1 + 0)*3. Calculate the highest common divisor of 82 and z.
41
Suppose -5*j = -5*t - 45, 20*j - 3*t - 9 = 19*j. What is the highest common factor of j and 42?
3
Suppose -10*a - 414 = -13*a. Let f = -43 - -89. What is the highest common factor of a and f?
46
Suppose -4*o = -170 + 46. Let j = 5 - -26. Calculate the highest common divisor of o and j.
31
Let j be (8/6)/(6/9). Suppose j*o + 1 + 5 = 0. Let u be (-70)/o - (-6)/9. Calculate the highest common divisor of u and 16.
8
Let j(r) = 27*r + 2. Let p be j(2). Suppose -16*s = -7*s - 126. What is the highest common factor of p and s?
14
Let x be 72/(-16)*(-4)/3 + -2. Let u be 32/(-6) + (-1)/(-3). Let z be (-20)/u - -2*1. Calculate the greatest common divisor of z and x.
2
Let m(u) = u**3 - u**2 - 4*u + 4. Let k be m(3). Let w = -132 - -136. Let s(z) = z + 11. Let j be s(w). What is the greatest common divisor of j and k?
5
Let a = 11 - 5. Let b(f) = f**3 - 5*f**2 - f - 12. Let c be b(a). Let h = 27 - -18. What is the greatest common divisor of h and c?
9
Let g(w) = 4*w**2 + 5*w + 4. Suppose -2*a = 6 - 2. Let u be g(a). What is the highest common divisor of 80 and u?
10
Let r be 8/6*6/2. Suppose x + r*x = 20. Let d be ((-8)/(-20))/((-81)/(-3240)). What is the highest common factor of d and x?
4
Let i(g) = g**3 - 11*g**2 - 14*g + 46. Let a be i(12). Suppose -5*d + d + 176 = 0. Calculate the greatest common factor of a and d.
22
Suppose 6 = 2*r + 5*f - 52, 160 = 4*r - f. Let d(c) = -11*c - 40. Let b be d(-6). Suppose b = -17*z + 18*z. What is the highest common divisor of r and z?
13
Let x(r) = -r**3 - 4*r**2 + 3. Let m be x(-5). Let j = m - 76. Let t = -36 - j. Calculate the greatest common factor of t and 60.
12
Let a(w) = -w**3 - 12*w**2 - 18*w + 12. Let d be a(-10). Let v(t) = -t**2 - 10*t - 10. Let x be v(d). What is the greatest common factor of 6 and x?
6
Let n(z) = z**3 - 29*z - 16. Let d be n(-5). What is the greatest common divisor of d and 356?
4
Suppose 0 = 35*f + 13*f - 20736. Calculate the greatest common divisor of f and 96.
48
Let y be 14670/(-22) + (-4)/22. Let c = -371 - y. Calculate the highest common factor of 37 and c.
37
Let y = 14 - 36. Let z = y + 82. What is the greatest common divisor of 15 and z?
15
Suppose 31*o + 169 - 1657 = 0. Let g(n) = -n. Let p be g(-6). What is the highest common factor of p and o?
6
Let g = 47 + -3. Let m be -3 + 2 + 1 + 2*1. Suppose -4*u - 232 = -m*z, -z + 4*u + 122 = -0*u. What is the highest common divisor of g and z?
22
Let w = 586 - 570. Let d = -2 + 50. What is the highest common factor of d and w?
16
Let k(z) = 2*z**2 + 42*z - 124. Let a be k(-24). Let s = 96 + -46. What is the greatest common divisor of s and a?
10
Let b be (15 + (-1 - 9))*4/10. Calculate the greatest common divisor of b and 27.
1
Let h be 3/(-2) - 110/(-20). Suppose -h*c + 117 = -83. Suppose -c = -2*y - 20. Calculate the highest common divisor of 165 and y.
15
Let v(i) = -29*i - 148. Let n be v(-8). Let w = -13 - -18. Suppose 34 = 4*c - 2*c - m, 3*m + n = w*c. Calculate the greatest common factor of 18 and c.
18
Suppose -389*h + 3*v = -385*h - 27, 25 = -5*v. Calculate the greatest common factor of 168 and h.
3
Suppose -4*a + 136 = 5*z - 377, 5*a = 2*z - 225. Let o = 998 - 956. What is the highest common factor of z and o?
21
Suppose 13*o + 50 - 128 = 0. What is the highest common divisor of o and 6?
6
Suppose -5*y + 2*r + 98 = 0, -7*y = -10*y + 2*r + 62. Suppose -17*a + y*a - 107 = -4*k, 4*k - 5*a = 137. Calculate the greatest common divisor of k and 224.
28
Suppose -26 + 22 = -4*k. What is the highest common divisor of 13 and k?
1
Suppose 43*t - 1440 = 27*t. Calculate the greatest common factor of t and 150.
30
Let v(i) = 2*i**2 + 30*i + 169. Let j be v(-22). What is the greatest common divisor of 106 and j?
53
Suppose 34*y - 3905 - 2895 = 0. What is the greatest common factor of 8 and y?
8
Let p(l) = l - 1. Let b be p(3). Let v be (0 + b/6)*36. What is the highest common divisor of v and 132?
12
Let j be 1/(-3*2/(-138)). Let c = -51 - -64. Let f = j - c. Calculate the greatest common divisor of f and 15.
5
Let k(m) be the first derivative of m**3/3 - 2*m**2 - 10. Let v be k(7). Calculate the highest common factor of 7 and v.
7
Suppose 5*y = 63 - 23. Let d = 433 + -329. What is the highest common factor of d and y?
8
Suppose -2*l + 7*l = -4*z + 119, 136 = 5*z + 2*l. Suppose 0 = -m + 3*m + z. Let p be (-140)/(-65) - (-2)/m. What is the highest common factor of p and 8?
2
Suppose -28*o + 44*o - 64 = 0. What is the highest common factor of 53 and o?
1
Suppose -8*k = -47*k + 1092. Let p be (3/9)/(2/6). Suppose 3*j - 11 = p. Calculate the greatest common divisor of k and j.
4
Let l = -1745 + 1773. What is the greatest common divisor of l and 448?
28
Let q be ((-9)/6)/(-3) - 321/(-6). Calculate the highest common divisor of 2 and q.
2
Suppose -3*c - f + 43 = 0, c - 6 = -2*f - 0*f. Let y(b) = -b**3 - 7*b**2 - 9*b - 239. Let n be y(-9). What is the greatest common factor of c and n?
4
Let x = -179 - -386. Calculate the highest common factor of x and 9.
9
Suppose r + 354 = 3*g, -6*g + 3*g = -5*r - 366. Calculate the greatest common factor of 39 and g.
39
Suppose -o - 2 = -24. Let f be (11/(-1))/(1/(-18)). What is the highest common divisor of f and o?
22
Let a = 2466 - 163. What is the greatest common factor of 47 and a?
47
Suppose -4*q = -195 + 55. Calculate the greatest common divisor of 20 and q.
5
Let u(h) = 10*h**2 + 3. Let y(m) = -m**2 + m + 1. Let k(s) = u(s) + 6*y(s). Let j be k(-3). What is the highest common factor of 18 and j?
9
Let x be 6/16 + 68125/200. What is the greatest common divisor of x and 62?
31
Suppose -6*n = -n + 90. Let x be ((-3)/2)/(n/480*1). Let l be (-3 + -2)/((-2)/4). What is the greatest common divisor of x and l?
10
Let b be (381 - -43)*(2 - (2 - 1)). Calculate the highest common factor of 8 and b.
8
Let t(j) = 16*j**2 + 3*j + 2. Let u be t(-2). Suppose -4*x - u = -9*x. What is the highest common divisor of 60 and x?
12
Let c(w) = -2*w**3 - 14*w**2 - 9*w - 41. Let r be c(-7). Suppose 2*i + 2*o = 38, -2*i = o + 4*o - 29. Calculate the highest common factor of i and r.
22
Let y(l) = -l**2 + 3*l + 31. Let s be y(0). What is the highest common factor of s and 341?
31
Suppose 4*u - 5*b - 770 = 0, 3*u - 4*b - 768 = -u. What is the greatest common divisor of u and 57?
19
Let q(z) = 27*z**3 + z**2 - z - 1. Let c be 6/(-9) - 10/(-6). Let f be q(c). What is the highest common divisor of 130 and f?
26
Let t(l) = -l**3 - 2*l**2 + 9*l + 2. Let u be t(-4). Let g = 3 + u. What is the greatest common divisor of g and 9?
1
Suppose -p + 5*u = -701, -4222 + 1513 = -4*p + u. What is the highest common divisor of p and 156?
52
Suppose 2*n + 77 = 3*w + 422, 2*n = -4*w + 338. Calculate the greatest common divisor of 19 and n.
19
Let z = 2 - 16. Let j = z - -16. What is the highest common divisor of j and 4?
2
Suppose 2*j = -2*j. Suppose j = 2*z + 8*z. Suppose 16 = x - z*x. Calculate the highest common factor of x and 40.
8
Let i = 40 + -7. Suppose -9*v = -8*v + i. Let a be 11/v + 19/3. What is the greatest common divisor of 6 and a?
6
Suppose 4*t + v = 74, 4*t - 10*v - 80 = -14*v. What is the greatest common divisor of t and 774?
18
Suppose 16 = r + 3*k, 2*k + 11 = r - 0. Let l = 69 - r. What is the highest common divisor of 560 and l?
56
Suppose -38 = -a + 5*z, 148 = 3*a - 3*z + 5*z. Suppose 5*h = 2*s + 632, -4*s = -4*h + a + 460. What is the highest common factor of 18 and h?
18
Let b be 0/((-35)/21 - 2/6). Suppose 4*d 